on divisor of l and 3528.
36
Suppose 2*y + 4*o + 18 = -0*y, 5*o + 20 = 0. Let r be ((-23)/(-2))/(y*6/(-12)). Calculate the highest common divisor of r and 184.
23
Let c(x) = 4*x**2 - 20*x - 298. Let f be c(-13). Calculate the highest common factor of f and 174.
58
Suppose -3292*z - 4004 = -3318*z. What is the highest common factor of 1243 and z?
11
Let c = 2100 - 2097. Let s be ((-6)/4)/((-3)/4). Suppose 22 = 5*b - 2*d, -4*d - d + s = -3*b. Calculate the highest common factor of b and c.
3
Let x = 18 - -17. Suppose x*q - 198 = 13*q. Calculate the highest common divisor of q and 21.
3
Let j(d) be the first derivative of 5*d**2/2 - 76*d - 52. Let p be j(27). What is the greatest common factor of p and 295?
59
Suppose 0 = 4*v - x - 383, -40*x + 42*x + 382 = 4*v. What is the highest common factor of v and 1376?
32
Let v = 4113 + -4059. Calculate the highest common factor of 102 and v.
6
Suppose -2*p - 2 = 0, -3*k - 5*p + 26 = -14. Let t be -1*1 - (3 - 1)/2. Let i be (-3)/t + 0 - 18/(-4). Calculate the greatest common divisor of i and k.
3
Suppose -11*y - 64754 = -65546. Calculate the greatest common divisor of 14 and y.
2
Suppose -27*w + 5*w = w - 242420. Calculate the greatest common factor of 17 and w.
17
Let v = -894 - -1578. Suppose -v = -3*k + 2*x, 2*x - 4 - 2 = 0. Let h(q) = -q + 62. Let n be h(16). Calculate the highest common factor of k and n.
46
Let h(g) = 16*g + 3. Let q be h(3). Let x(v) = -2*v**2 + 275*v + 32404. Let r be x(212). What is the greatest common divisor of r and q?
51
Let h(u) = u**2 - 6*u - 66. Let t be h(-7). Suppose -y + t = 1. Let r = 111 - 51. What is the greatest common divisor of y and r?
12
Let u(r) = r + 42. Let k be u(0). Let o = -246 + 247. Let q be o*14/(-6)*(3 - 9). What is the greatest common factor of k and q?
14
Let b(w) = -199*w + 104*w + 27 + 10 + 98*w. Let p be b(7). Suppose -476 + 41 = -3*f. Calculate the greatest common divisor of f and p.
29
Let l = 19 - 11. Let x(h) = h**3 - 9*h**2 + 8*h + 8. Let o be x(l). Let y = -19672 - -19680. Calculate the greatest common divisor of y and o.
8
Suppose 2*o = -b + 95, 14*b - 11*b + 15 = 0. What is the highest common divisor of o and 350?
50
Let i(k) = k**3 - 11*k**2 + 6*k - 6. Let d be ((-52)/12 - -4)*-30. Let c be i(d). Let f = 60 + c. What is the greatest common factor of 2 and f?
2
Let l = -3908 + 4198. What is the greatest common factor of l and 20?
10
Let b be ((-854)/(-4))/((-2)/(-8) - (-7)/(-36)). Calculate the highest common divisor of 63 and b.
63
Suppose -10*k + 11074 = 2944. Calculate the highest common factor of k and 6.
3
Suppose -p - 3*j - 1 = 4*p, -5*p + 5*j - 25 = 0. Let t be ((-112)/3)/7*(-10 + p). What is the highest common divisor of 4 and t?
4
Let s be (-1)/(2 - (-21)/(-10)). Let v be (115 - 13*14/182) + -4. What is the greatest common factor of v and s?
10
Let p be 1260/98*(-10 + (-510)/(-9)). Suppose -3*h + 300 = h. What is the highest common divisor of h and p?
75
Let b be 3024/32*4/15*(-106 - -111). What is the highest common divisor of b and 10752?
42
Suppose 2*a - 628 = -6*m, -5*a = -51*m + 52*m - 142. Calculate the greatest common divisor of m and 4114.
34
Suppose -2*m = -61*y + 62*y - 513, 5*m - 3*y = 1244. Calculate the greatest common factor of m and 460.
23
Let v be 71 + (-1 + -3 - -5). Calculate the greatest common divisor of v and 114.
6
Let u be (2 - 1)*0/(-3) + 1539. Calculate the highest common factor of 114 and u.
57
Let a be 76/14 - 15/35. Let q(r) = -r + 10. Let s be q(a). What is the greatest common divisor of 8 and s?
1
Suppose 18*a + 18 = 21*a + 3*b, -4*a + 22 = 5*b. Let m(d) = d**2 + 7*d - 12. Let x be m(a). What is the greatest common divisor of 486 and x?
54
Suppose 5*j - 3 = 57. Let a(k) = k**3 - 20*k**2 + 5*k + 8. Let t be a(20). What is the highest common factor of t and j?
12
Let n = 6942 + -6550. Calculate the greatest common divisor of 40 and n.
8
Suppose 0 = -2*z - 4*x + 192, -5*x - 153 - 135 = -3*z. Suppose 132 + 12 = 36*j. Let g be 2052/57 + j/1*-1. What is the highest common factor of z and g?
32
Suppose 1050 = -16*v + 26*v. Let g(t) = 65*t - 6. Let k be g(3). What is the highest common factor of k and v?
21
Let h = -9672 + 9718. Calculate the highest common factor of h and 18446.
46
Suppose -m = -2*o + 4206, 562*m = -3*o + 557*m + 6335. What is the highest common factor of o and 5?
5
Let h(w) = 2*w**3 - 2*w**2 - 5*w + 3. Let n be h(3). Suppose -18*o - 18*o = -12*o - 288. Calculate the highest common factor of o and n.
12
Let l be (-87)/(-9) + 15 + 132/(-9). Let c be 1*29/1 + -2. Let d = c - -23. Calculate the greatest common factor of l and d.
10
Let f(a) = -a**3 - 18*a**2 - 6*a + 31. Let h be f(-17). Let c = -150 - h. What is the greatest common divisor of c and 294?
6
Let k be (-23 - 6/(-3))*(-297)/81. Suppose 2*h - 29 = 3*d, 2*d - 4*d = -h + 12. Calculate the highest common factor of h and k.
11
Suppose -4*b + 516 = 5*b + 3*b. What is the highest common divisor of 1720 and b?
43
Let s be 1/(4/2 - 1) - -1. Let f be (2/(-8) + (-19)/(-4))*s. Suppose f*a + a = 220. What is the greatest common divisor of a and 11?
11
Let z be (-6)/30*(-2 + -18). Suppose -z*p + 12 = 0, -5*p = -15*d + 17*d - 47. Let a = -16 + 88. What is the highest common divisor of d and a?
8
Let o be -8 - (158*(-2 - -1) + 0). What is the greatest common factor of o and 70?
10
Let a(y) = -y**2 + 15*y - 15. Let z be a(13). Let l be (-13 - -9) + z*1. Suppose -l*h + 6*h + 4 = 0. Calculate the greatest common factor of h and 4.
4
Let c be 1 - 12/16*4. Let h be 1/((c/12)/(-1)). Let l = -76 + 79. Calculate the highest common divisor of h and l.
3
Suppose -14622*a = -14578*a - 37444. What is the highest common divisor of a and 592?
37
Let p(q) = -180*q**3 - 3*q**2 - 6*q. Let c be p(-3). What is the greatest common factor of c and 33?
33
Suppose 13*b + 63 = 128. Suppose b*u + 5*l = 15, 0 = -0*l - 4*l - 16. What is the greatest common divisor of 497 and u?
7
Suppose -2*g + 66 = 2*q, -3*g + 105 - 114 = 0. What is the greatest common factor of 344 and q?
4
Let k(n) = -3*n**2 + 2. Let b be (-4)/6*(-3 - (-7 - -1)). Let y be k(b). Let v be (2 + y/4)/(1/(-112)). Calculate the greatest common factor of v and 28.
28
Suppose -4*l - 24*w = -23*w - 6449, -l + 4*w + 1608 = 0. What is the greatest common factor of 52 and l?
52
Suppose 17*h - 14*h - 6*h = 0. Suppose h = -2*y - 3*n - 1, -3 = -4*y - 3*n - 2. Calculate the greatest common factor of 5 and y.
1
Let g be 6/4*(-80)/(-6). Suppose -85*r + 79*r - 204 = 0. Let d = 42 + r. Calculate the greatest common factor of g and d.
4
Let y = 5531 - 4826. Calculate the greatest common factor of 330 and y.
15
Suppose 0 = 37*h - 2649 - 8599. What is the greatest common factor of 2592 and h?
16
Let y be -4*6/72*(-12)/2. Suppose y*u - s - 24 = 0, -2*u + 9 + 7 = 3*s. What is the highest common factor of 319 and u?
11
Suppose 0 = -3*g + 2*s + 271, 4*g + 2*s - 366 = -0*g. Let w(l) = l**3 - 36*l**2 + 134*l + 2. Let r be w(4). What is the greatest common factor of r and g?
13
Suppose -i - k = 111 - 1653, -4*i = -k - 6193. What is the highest common divisor of i and 238?
119
Let i(w) = 14*w. Suppose 9 = -3*a + 4*h, -h = -4*a + 1 - 13. Let j be 4/a - (-13)/3. Let o be i(j). What is the highest common divisor of 14 and o?
14
Suppose 1312 = 38*b - 22*b. What is the greatest common factor of 1517 and b?
41
Let x be -10 + 18/(-12)*4. Let w(m) = m**3 + 17*m**2 + 17*m + 31. Let f be w(x). Calculate the greatest common factor of 315 and f.
15
Suppose -8255 + 6903 = -13*u. What is the greatest common factor of 39 and u?
13
Suppose 5*q = 4*u + 8*q - 105, 5*u + 5*q = 125. Let f = u + 14. What is the greatest common factor of f and 121?
11
Suppose -1204 = -2*p - 698. Let s be (5/(5/p))/1. What is the highest common divisor of 23 and s?
23
Let h = 682 + -634. Calculate the greatest common factor of h and 408.
24
Let i be (12351/358)/(-2 + 1 - 21/(-12)). Let c be 8/(-36) + 5804/36. Calculate the greatest common factor of c and i.
23
Let p(i) = i**3 + 17*i**2 + 3*i + 59. Let a(u) = -26*u + 113. Let m be a(5). Let d be p(m). What is the greatest common divisor of 26 and d?
2
Suppose -2*a - 3*s + 6931 = 0, 0 = -4*a + s + 9481 + 4346. Calculate the greatest common divisor of 52 and a.
26
Suppose -5*l = l - 3*l. Suppose -2*x + 321 - 277 = l. What